{"id":160,"date":"2024-11-02T13:11:37","date_gmt":"2024-11-02T13:11:37","guid":{"rendered":"https:\/\/femstories.eu\/?page_id=160"},"modified":"2024-11-02T18:35:11","modified_gmt":"2024-11-02T18:35:11","slug":"regulamin-warsztatow","status":"publish","type":"page","link":"https:\/\/femstories.eu\/index.php\/regulamin-warsztatow\/","title":{"rendered":"Regulamin warsztat\u00f3w"},"content":{"rendered":"\n<p><strong>I. POSTANOWIENIA OG\u00d3LNE.<\/strong><\/p>\n\n\n\n<p>1. Niniejszy Regulamin okre\u015bla zasady uczestnictwa i spos\u00f3b realizacji warsztat\u00f3w prowadzonych przez Ann\u0119 Kaznodziej, zwanych dalej \u201cWarsztatami\u201d.<\/p>\n\n\n\n<p>2. Organizatork\u0105 Warsztat\u00f3w jest Ana Kaznodziej, prowadz\u0105ca dzia\u0142alno\u015b\u0107 gospodarcz\u0105 pod nazw\u0105 \u0141\u00f3dzka Grupa Kreatywna Anna Kaznodziej, z siedzib\u0105 w \u0141odzi, 90-316, ul. Kili\u0144skiego 136a\/25, Numer NIP 7282501773, nr telefonu 605 043 717, e-mail: lodzkagrupakreatywna@gmail.com zwana dalej \u201cOrganizatork\u0105\u201d.<\/p>\n\n\n\n<p>3. Definicje:<\/p>\n\n\n\n<p>a) Klient &#8211; na potrzeby niniejszego Regulaminu rozumie si\u0119 przez niego osob\u0119 fizyczn\u0105 dokonuj\u0105c\u0105 z Organizatorem czynno\u015bci prawnej niezwi\u0105zanej bezpo\u015brednio z jego dzia\u0142alno\u015bci\u0105 gospodarcz\u0105 lub zawodow\u0105, a tak\u017ce osob\u0119 fizyczn\u0105 prowadz\u0105ca jednoosobow\u0105 dzia\u0142alno\u015b\u0107 gospodarcz\u0105, kt\u00f3ra zawiera Umow\u0119 z Organizatorem bezpo\u015brednio zwi\u0105zan\u0105 z t\u0105 dzia\u0142alno\u015bci\u0105 gospodarcz\u0105, ale Umowa ta nie posiada dla tej osoby charakteru zawodowego, wynikaj\u0105cego w szczeg\u00f3lno\u015bci z przedmiotu wykonywanej przez ni\u0105 dzia\u0142alno\u015bci gospodarczej ujawnionym w Centralnej Ewidencji i Informacji o Dzia\u0142alno\u015bci Gospodarczej.<\/p>\n\n\n\n<p>b) Przedsi\u0119biorca &#8211; osoba fizyczna, osoba prawna lub jednostka organizacyjna nieb\u0119d\u0105ca osob\u0105 prawn\u0105, kt\u00f3rej odr\u0119bna ustawa przyznaje zdolno\u015b\u0107 prawn\u0105, wykonuj\u0105ca dzia\u0142alno\u015b\u0107 gospodarcz\u0105 i zawieraj\u0105ca z Organizatorem Umow\u0119 bezpo\u015brednio zwi\u0105zan\u0105 z t\u0105 dzia\u0142alno\u015bci\u0105 gospodarcz\u0105 lub zawodow\u0105.<\/p>\n\n\n\n<p>4. W warsztatach mo\u017ce uczestniczy\u0107 do 12 os\u00f3b (dalej \u201eUczestnicy\u201d lub \u201cUczestnik\u201d). Uczestnikiem mo\u017ce by\u0107 zar\u00f3wno Klient jak i Przedsi\u0119biorca, przy czym dla Przedsi\u0119biorcy nie maj\u0105 zastosowania przepisy o odst\u0105pieniu od Umowy.<\/p>\n\n\n\n<p>5. Informacja o organizowanych Warsztatach nie stanowi oferty w rozumieniu kodeksu cywilnego.<\/p>\n\n\n\n<p><strong>II. WARSZTATY<\/strong><\/p>\n\n\n\n<p>1. Warsztaty maj\u0105 charakter praktyczny i teoretyczny, szczeg\u00f3\u0142y znajduj\u0105 si\u0119 na <a href=\"https:\/\/femstories.eu\/index.php\/warsztaty\/\">stronie z opisem Warsztat\u00f3w<\/a>.<\/p>\n\n\n\n<p>2. W razie w\u0105tpliwo\u015bci dotycz\u0105cych przebiegu warsztat\u00f3w, Uczestnik proszony jest o bezpo\u015bredni kontakt z Organizaork\u0105.<\/p>\n\n\n\n<p>3. Organizatorka zapewnia narz\u0119dzia (do u\u017cycia w trakcie warsztat\u00f3w) oraz materia\u0142y na kt\u00f3rych pracowa\u0107 b\u0119d\u0105 uczestnicy.<\/p>\n\n\n\n<p>4. Organizatorka zastrzega sobie prawo do rejestrowania przebiegu Warsztat\u00f3w (zdj\u0119cia, video) i umieszczania ich na stronach internetowych, materia\u0142ach promocyjnych i informacyjnych oraz portalach spo\u0142eczno\u015bciowych (typu Facebook, Instagram etc.). Akceptacja niniejszego regulaminu r\u00f3wna jest zgodzie Uczestnika na wykorzystanie jego wizerunku w w\/w celach. Zgod\u0119 mo\u017cna cofn\u0105\u0107, zg\u0142aszaj\u0105c ten fakt Organizatorce w formie maila przed rozpocz\u0119ciem warsztat\u00f3w. Zgod\u0119 mo\u017cna r\u00f3wnie\u017c cofn\u0105\u0107 mailowo po warsztatach, wi\u0105\u017ce si\u0119 to jednak z konieczno\u015bci\u0105 edycji opublikowanych materia\u0142\u00f3w i mo\u017ce potrwa\u0107 do 14 dni.<\/p>\n\n\n\n<p>5. Podczas trwania Warsztat\u00f3w Uczestnik ma obowi\u0105zek przestrzegania Regulaminu oraz instrukcji Organizatorki.<\/p>\n\n\n\n<p><strong>III. CENA.<\/strong><\/p>\n\n\n\n<p>1. Op\u0142ata za Warsztaty wynosi 150 z\u0142. Z tej kwoty 50 z\u0142 stanowi Op\u0142at\u0119 Rezerwacyjn\u0105 pokrywaj\u0105ca koszt obs\u0142ugi rezerwacji miejsca i rezerwacji miejsca, w kt\u00f3rymk odbywaj\u0105 si\u0119 Warsztaty.<\/p>\n\n\n\n<p>2. Cena Warsztat\u00f3w jest podana w kwocie brutto i nie obejmuje ewentualnych dodatkowych koszt\u00f3w jakie Uczestnik mo\u017ce ponie\u015b\u0107 decyduj\u0105c si\u0119 na uczestnictwo w Warsztatach, takich jak op\u0142aty za dojazd czy miejsce parkingowe.<\/p>\n\n\n\n<p>3. Pozosta\u0142\u0105 cz\u0119\u015b\u0107 op\u0142aty za warsztaty (100 z\u0142) Uczestnik powinien uregulowa\u0107 w got\u00f3wce lub Blikiem w dniu warsztat\u00f3w. Mo\u017cliwe jest r\u00f3wnie\u017c uregulowanie ca\u0142ej kwoty (150 z\u0142) przelewem, najp\u00f3\u017aniej dwa dni robocze przed terminem Warsztat\u00f3w.<\/p>\n\n\n\n<p>4. Op\u0142ata za warsztaty jest jednakowa dla ka\u017cdego Uczestnika.<\/p>\n\n\n\n<p><strong>IV. ZAPISY NA WARSZTATY I OP\u0141ATA REZERWACYJNA.<\/strong><\/p>\n\n\n\n<p>1. Uczestnik zapisuje si\u0119 na Warsztaty wype\u0142niaj\u0105c <a href=\"https:\/\/docs.google.com\/forms\/d\/e\/1FAIpQLSdKdyBmfMPqMqJwEtlTQXmU9X2UcykrUTxuLPXYw3gkLZHkGw\/viewform?usp=sf_link\">formularz<\/a>.<\/p>\n\n\n\n<p>2. Po otrzymaniu maila z potwierdzeniem rezerwacji od Organizatorki, Uczestnik proszony jest o uiszczenie op\u0142aty rezerwacyjnej w wsoko\u015bci 50 z\u0142 (dane do przelewu zostan\u0105 podane z mailu z potwierdzeniem). Po zaksi\u0119gowaniu wp\u0142aty Uczestnik otrzyma mail potwierdzaj\u0105cy uczestnictwo. Op\u0142at mo\u017cna dokonywac najp\u00f3\u017aniej 2 dni robocze przed terminem warsztat\u00f3w.<\/p>\n\n\n\n<p>3. Op\u0142ata Rezerwacyjna jest wynagrodzeniem za wykonan\u0105 us\u0142ug\u0119 zwi\u0105zan\u0105 z rejestracj\u0105 zg\u0142oszenia na Warsztaty. Us\u0142uga ta jest zako\u0144czona z chwil\u0105 wys\u0142ania wiadomo\u015bci email potwierdzaj\u0105cej uczestnictwo w Warsztatach. Uiszczaj\u0105c Op\u0142at\u0119 Rezerwacyjn\u0105 Uczestnik wyra\u017ca zgod\u0119 na utrat\u0119 prawa do odst\u0105pienia od wykonania przez Organizatora us\u0142ugi rejestracyjnej i akceptuje fakt, \u017ce nie podlega ona zwrotowi, z wyj\u0105tkiem sytuacji, o kt\u00f3rej mowa w pkt<strong> <\/strong>V ppkt 3 Regulaminu.<\/p>\n\n\n\n<p>4. Ilo\u015b\u0107 miejsc na Warsztatach jest ograniczona. Decyzj\u0119 o umieszczeniu na li\u015bcie uczestnik\u00f3w podejmuje Organizatorka, potwierdzaj\u0105c ten fakt mailem. Uczestnictwo w warsztatch (miejsce na li\u015bcie Uczestnik\u00f3w) mo\u017cna przenie\u015b\u0107 na inn\u0105, wskazan\u0105 w wiadomosci mailowej osob\u0119. Wymaga to akceptacji Organizatorki.&nbsp;<\/p>\n\n\n\n<p>5. Zawarcie umowy pomi\u0119dzy Uczestnikiem a Organizatorem na realizacj\u0119 Warsztat\u00f3w (dalej \u201eUmowa\u201d), nast\u0119puje z dniem otrzymania przez Uczestnika informacji potwierdzaj\u0105cej umieszczenie na li\u015bcie Uczestnik\u00f3w Warsztat\u00f3w.<\/p>\n\n\n\n<p><strong>V. ZMIANA DATY LUB ODWO\u0141ANIE WARSZTAT\u00d3W.<\/strong><\/p>\n\n\n\n<p>1. Organizatorka zastrzega sobie mo\u017cliwo\u015b\u0107 zmiany terminu Warsztat\u00f3w b\u0105d\u017a ich odwo\u0142ania, w przypadku braku minimalnej liczby zapisanych Uczestnik\u00f3w, kt\u00f3r\u0105 Organizatorka przewidzia\u0142a dla danego Warsztatu \u2013 minimalna liczba uczestnik\u00f3w Warsztat\u00f3w to 4 osoby.<\/p>\n\n\n\n<p>2. O zmianie terminu lub odwo\u0142aniu Warsztat\u00f3w Organizatorka poinformuje nie p\u00f3\u017aniej ni\u017c na 2 (dwa) dni przed pierwotnym dniem ich rozpocz\u0119cia. W takim wypadku Uczestnik ma prawo zrezygnowa\u0107 z udzia\u0142u w Warsztatach (za pe\u0142nym zwrotem Op\u0142aty Rezerwacyjnej) b\u0105d\u017a wzi\u0105\u0107 w nich udzia\u0142 w innym zaproponowanym przez Organizatork\u0119 terminie (Op\u0142ata rezerwacyjna nie b\u0119dzie ponownie naliczana).<\/p>\n\n\n\n<p>3. W przypadku odwo\u0142ania Warsztat\u00f3w, Organizatorka zwraca uiszczon\u0105 Op\u0142at\u0119 Rezerwacyjn\u0105 i, o ile zosta\u0142a dokonana, za warsztaty w ca\u0142o\u015bci w terminie do 3 (trzech) dni roboczych od dnia poinformowania o odwo\u0142aniu Warsztat\u00f3w.<\/p>\n\n\n\n<p>4. Organizatorka ma prawo przerwa\u0107 uczestnictwo Uczestnika w Warsztatach, je\u015bli Uczestnik nie przestrzega Regulaminu, zak\u0142\u00f3ca porz\u0105dek Warsztat\u00f3w lub uniemo\u017cliwia jego sprawne prowadzenie ewentualnie prowadzi dzia\u0142ania na szkod\u0119 Organizatorki. W takim przypadku Uczestnikowi nie przys\u0142uguje zwrot wynagrodzenia za Warsztaty, w \u017cadnej cz\u0119\u015bci.<\/p>\n\n\n\n<p><strong>VI. ODST\u0104PIENIE OD UMOWY.<\/strong><\/p>\n\n\n\n<p>1. Uczestnikowi b\u0119d\u0105cemu Klientem, przys\u0142uguje prawo do odst\u0105pienia od Umowy w terminie 14 dni od dnia jej zawarcia . Termin ten nale\u017cy liczy\u0107 od dnia otrzymania potwierdzenia o wpisaniu na list\u0119 Uczestnik\u00f3w Warsztat\u00f3w.<\/p>\n\n\n\n<p>2. Do zachowania w\/w terminu wystarczy wys\u0142anie o\u015bwiadczenia o odst\u0105pieniu od Umowy przed jego up\u0142ywem na adres e-mail femstories.collages@gmail.com.<\/p>\n\n\n\n<p>3.&nbsp; Formularz odst\u0105pienia od Umowy znajduje si\u0119 na ko\u0144cu niniejszego Regulaminu.<\/p>\n\n\n\n<p>4. W razie przes\u0142ania przez Uczestnika o\u015bwiadczenia o odst\u0105pieniu od Umowy, Organizatorka niezw\u0142ocznie potwierdzi jego otrzymanie i zwr\u00f3ci wszelkie nale\u017cne p\u0142atno\u015bci.<\/p>\n\n\n\n<p>5. Organizatorka przypomina, \u017ce Uczestnikowi nie przys\u0142uguje prawo do odst\u0105pienia od Umowy w odniesieniu do us\u0142ugi rejestracyjnej i zwrotu poniesionej w zwi\u0105zku z tym Op\u0142aty Rezerwacyjnej.<\/p>\n\n\n\n<p>6.&nbsp; Je\u015bli w czasie okre\u015blonym w pkt. VI ppkt 1 Uczestnik wzi\u0105\u0142 udzia\u0142 w Warsztatach, w razie skorzystania z prawa odst\u0105pienia od umowy, poniesie koszt zwi\u0105zany z udzia\u0142em i organizacj\u0105 Warsztat\u00f3w (art. 21 ust. 2 w zw. z art. 35 ustawy o prawach konsumenta).<\/p>\n\n\n\n<p><strong>VII. \u015aWIADCZENIE US\u0141UG DROG\u0104 ELEKTRONICZN\u0104.<\/strong><\/p>\n\n\n\n<p>1. Organizatorka \u015bwiadczy drog\u0105 elektroniczn\u0105 nieodp\u0142atn\u0105 us\u0142ug\u0119, kt\u00f3ra polega na udost\u0119pnieniu mo\u017cliwo\u015bci zapisu na Warsztaty na odleg\u0142o\u015b\u0107 poprzez formularz elektroniczny. Us\u0142uga ta ma charakter jednorazowy i ulega zako\u0144czeniu bezpo\u015brednio po otrzymaniu przez Uczestnika drog\u0105 mailow\u0105 potwierdzenia zapisu na Warsztaty. Uczestnik zobowi\u0105zany jest do przestrzegania przepis\u00f3w prawa w trakcie korzystania z us\u0142ug \u015bwiadczonych droga elektroniczn\u0105. Uczestnik zobowi\u0105zany jest r\u00f3wnie\u017c do przestrzegania postanowie\u0144 niniejszego Regulaminu. Uczestnik ma zakaz przesy\u0142ania do Organizatorki tre\u015bci o charakterze niezgodnym z prawem.<\/p>\n\n\n\n<p>2. Do zapis\u00f3w na Warsztaty niezb\u0119dne jest spe\u0142nienie minimalnych wymaga\u0144 technicznych, takich jak:<\/p>\n\n\n\n<p>a) komputer lub inne urz\u0105dzenie elektroniczne po\u0142\u0105czone z sieci\u0105 Internet, umo\u017cliwiaj\u0105ce komunikacj\u0119 mailow\u0105,<\/p>\n\n\n\n<p>b) aktywne konto poczty elektronicznej,<\/p>\n\n\n\n<p>c) aktywna przegl\u0105darka internetowa: Google Chrome, Mozilla Firefox, Internet Explorer, Opera, Safari, Microsoft Edge &#8211; zaktualizowane do najnowszych wersji,<\/p>\n\n\n\n<p>d) w\u0142\u0105czenie w przegl\u0105darce internetowej mo\u017cliwo\u015bci zapisu plik\u00f3w Cookies,<\/p>\n\n\n\n<p>3. W razie korzystania przez Uczestnika ze sprz\u0119tu nie spe\u0142niaj\u0105cego wymog\u00f3w technicznych wymienionych w pkt. VII ppkt 2, Organizatorka nie gwarantuje prawid\u0142owo\u015bci zapisu na Warsztaty i zastrzega, \u017ce mo\u017ce to utrudni\u0107 lub uniemo\u017cliwi\u0107 \u015bwiadczenie przez ni\u0105 us\u0142ug drog\u0105 elektroniczn\u0105.<\/p>\n\n\n\n<p>4. Organizatorka w najszerszym dopuszczalnym przez prawo zakresie nie ponosi odpowiedzialno\u015bci za zak\u0142\u00f3cenia w dostawie us\u0142ug elektronicznych, spowodowane si\u0142\u0105 wy\u017csz\u0105, niedozwolonym dzia\u0142aniem os\u00f3b trzecich lub niekompatybilno\u015bci\u0105 infrastruktury technicznej Uczestnika.<\/p>\n\n\n\n<p><strong>VIII. INFORMACJA O PRZETWARZANIU DANYCH OSOBOWYCH.<\/strong><\/p>\n\n\n\n<p>1. Administratork\u0105 danych osobowych Uczestnik\u00f3w jest Organizatorka.<\/p>\n\n\n\n<p>2. Przetwarzanie danych osobowych Uczestnik\u00f3w odbywa si\u0119 zgodnie z wymogami polskiego prawa, w szczeg\u00f3lno\u015bci zgodnie z og\u00f3lnym rozporz\u0105dzeniem o ochronie danych osobowych, zwanym RODO (Rozporz\u0105dzenie Parlamentu Europejskiego i Rady (UE) 2016\/679 z dnia 27 kwietnia 2016 r. w sprawie ochrony os\u00f3b fizycznych w zwi\u0105zku z przetwarzaniem danych osobowych i w sprawie swobodnego przep\u0142ywu takich danych oraz uchylenia dyrektywy 95\/46\/WE og\u00f3lne rozporz\u0105dzenie ochrony danych).<\/p>\n\n\n\n<p>3. Dane osobowe Uczestnik\u00f3w przetwarzane s\u0105 wy\u0142\u0105cznie w celach realizacji Umowy, organizacji i realizacji Warsztat\u00f3w, oraz komunikacji z Uczestnikiem po Warsztatach. Organizatorka zobowi\u0105zuje si\u0119 nikomu nie u\u017cycza\u0107, ani nie sprzedawa\u0107 danych osobowych Uczestnik\u00f3w.<\/p>\n\n\n\n<p>4. Podanie danych osobowych jest dobrowolne, ale niezb\u0119dne, by zapisa\u0107 si\u0119 na Warsztaty.<\/p>\n\n\n\n<p>5. Uczestnik ma prawo wgl\u0105du w swoje dane osobowe. Uczestnik ma r\u00f3wnie\u017c prawo \u017c\u0105da\u0107 ich poprawienia lub usuni\u0119cia. Szczeg\u00f3\u0142owe informacje na temat przetwarzania danych osobowych przez Organizatork\u0119 znajduj\u0105 si\u0119 w Polityce Prywatno\u015bci.<\/p>\n\n\n\n<p><strong>IX. PRAWA AUTORSKIE.<\/strong><\/p>\n\n\n\n<p>1. Tre\u015b\u0107 i program Warsztat\u00f3w stanowi\u0105 utwory w rozumieniu ustawy z dnia 4.02.1994 r. o prawie autorskim i prawach pokrewnych i podlegaj\u0105 ochronie prawnej. Oznacza to, \u017ce nagrywanie lub udost\u0119pnianie ich bez uzyskania pisemnej zgody Organizatorki lub udost\u0119pnianie ich osobom trzecim, ich edycja, modyfikacja, kopiowanie lub inne czynno\u015bci przekraczaj\u0105ce legalne korzystanie podlegaj\u0105 sankcjom przewidzianym zar\u00f3wno na gruncie cywilnym jak i karnym.<\/p>\n\n\n\n<p>2. Bez zgody Organizatorki wyra\u017conej na pi\u015bmie, zabrania si\u0119 Uczestnikom Warsztat\u00f3w nagrywania d\u017awi\u0119ku lub obrazu cz\u0119\u015bci lub ca\u0142o\u015bci Warsztat\u00f3w realizowanych przez Organizatork\u0119 oraz udost\u0119pniania takich nagra\u0144 w jakikolwiek spos\u00f3b osobom trzecim w tym innym uczestnikom Warsztat\u00f3w, niezale\u017cnie od formy i sposobu takiego udost\u0119pnienia. Organizatorka wyra\u017ca zgod\u0119 na przygotowywanie stories z Warsztat\u00f3w, zar\u00f3wno w formie zdj\u0119\u0107 jak i nagra\u0144 video, z zastrze\u017ceniem, \u017ce nie obejmuj\u0105 one materia\u0142\u00f3w obj\u0119tych prawami autorskimi i pod warunkiem oznaczenia stories profilem Organizatorki: <a href=\"https:\/\/www.instagram.com\/fem_stories_collages\/\">https:\/\/www.instagram.com\/fem_stories_collages\/<\/a>.<\/p>\n\n\n\n<p><strong>X. WY\u0141\u0104CZENIE ODPOWIEDZIALNO\u015aCI.<\/strong><\/p>\n\n\n\n<p>1. Organizatorka nie ponosi odpowiedzialno\u015bci za:<\/p>\n\n\n\n<p>a) odwo\u0142anie lub przerwanie Warsztat\u00f3w z przyczyn od niej niezale\u017cnych tj. zaistnienia si\u0142y wy\u017cszej przez kt\u00f3r\u0105 rozumie si\u0119 po\u017cary, powodzie, wichury i cyklony, trz\u0119sienia ziemi, wybuchy epidemii, a tak\u017ce strajki generalne, zamieszki, dzia\u0142ania wojenne, akty terrorystyczne, przewroty wojskowe, dzia\u0142ania organ\u00f3w w\u0142adzy publicznej w tym wydawanie akt\u00f3w prawnych, a tak\u017ce chorob\u0119 Organizatorki, uniemo\u017cliwiaj\u0105cych lub utrudniaj\u0105cych realizacj\u0119 Warsztat\u00f3w w ca\u0142o\u015bci lub w cz\u0119\u015bci.<\/p>\n\n\n\n<p>b) szkod\u0119 powsta\u0142\u0105 po stronie Uczestnika z powod\u00f3w okre\u015blonych w punkcie V ppkt 4 niniejszego Regulaminu.<\/p>\n\n\n\n<p>c) szkod\u0119 powsta\u0142\u0105 po stronie Uczestnika zaistnia\u0142\u0105 w zwi\u0105zku z odwo\u0142aniem lub zmian\u0105 terminu Warsztat\u00f3w.<\/p>\n\n\n\n<p><strong>XI. REKLAMACJE I POZAS\u0104DOWE ROZSTRZYGANIE SPOR\u00d3W.<\/strong><\/p>\n\n\n\n<p>1. Uczestnik ma prawo do z\u0142o\u017cenia reklamacji Warsztat\u00f3w. Reklamacj\u0119 mo\u017cna z\u0142o\u017cy\u0107 w dowolnej formie, na dane kontaktowe Organizatorki podane w niniejszym Regulaminie.<\/p>\n\n\n\n<p>2. Reklamacja powinna zawiera\u0107 nast\u0119puj\u0105ce informacje: dane osobowe Uczestnika oraz przyczyn\u0119 reklamacji.<\/p>\n\n\n\n<p>3. Uczestnik otrzyma od Organizatorki informacj\u0119 o sposobie rozpatrzenia reklamacji w terminie 14 dni liczonych od dnia nast\u0119pnego od otrzymania przez Organizatork\u0119 reklamacji. Uczestnik zostanie powiadomiony o rozstrzygni\u0119ciu zg\u0142oszonej reklamacji na adres e-mail wskazany przez niego w formularzu podczas zapisu na Warsztaty.<\/p>\n\n\n\n<p>4. Uczestnikowi przys\u0142uguje mo\u017cliwo\u015b\u0107 skorzystania z pozas\u0105dowych sposob\u00f3w rozwi\u0105zania reklamacji, zgodnie z procedur\u0105 Internetowego Rozstrzygania Spor\u00f3w opracowan\u0105 przez Komisj\u0119 Europejsk\u0105 dost\u0119pn\u0105 na stronie internetowej: <a href=\"https:\/\/ec.europa.eu\/consumers\/odr\/main\/index.cfm?event=main.home2.show\">https:\/\/ec.europa.eu\/consumers\/odr\/main\/index.cfm?event=main.home2.show<\/a><\/p>\n\n\n\n<p><a href=\"https:\/\/ec.europa.eu\/consumers\/odr\/main\/index.cfm?event=main.home2.show\">&amp;lng=PL<\/a><\/p>\n\n\n\n<p>5. Uczestnik mo\u017ce zwr\u00f3ci\u0107 si\u0119 o pomoc w roztrzygni\u0119ciu sporu z Organizatork\u0105 do:<\/p>\n\n\n\n<ol class=\"wp-block-list\">\n<li>Rzecznika Konsument\u00f3w,<\/li>\n\n\n\n<li>organizacji spo\u0142ecznej, do kt\u00f3rej zada\u0144 statutowych nale\u017cy ochrona konsument\u00f3w,<\/li>\n\n\n\n<li>polubownego s\u0105du konsumenckiego.<\/li>\n<\/ol>\n\n\n\n<p>Informacje dla Klient\u00f3w dotycz\u0105ce uzyskania pomocy w w\/w sprawach dost\u0119pne s\u0105 r\u00f3wnie\u017c na stronie internetowej Prezesa Urz\u0119du Ochrony Konkurencji i Konsument\u00f3w (uokik.gov.pl)<\/p>\n\n\n\n<p><strong>XII. POSTANOWIENIA KO\u0143COWE.<\/strong><\/p>\n\n\n\n<p>1. Organizatorka o\u015bwiadcza, \u017ce wszystkie opinie o Warsztatach opublikowane na stronach internetowych i kana\u0142ach social media Organizatorki, pochodz\u0105 wy\u0142\u0105cznie od Uczestnik\u00f3wm Warsztat\u00f3w. Opinie od Uczestnik\u00f3w Organizatorka uzyskuje wysy\u0142aj\u0105c po zaj\u0119ciach ankiety z pro\u015bb\u0105 o wystawienie opinii na temat odbytych Warsztat\u00f3w.<\/p>\n\n\n\n<p>2. W sprawach nieuregulowanych niniejszym Regulaminem zastosowanie maj\u0105 przepisy prawa polskiego.<\/p>\n\n\n\n<p>3. Niniejszy Regulamin obowi\u0105zuje od dnia 30.10.2024 roku.<\/p>\n\n\n\n<p><\/p>\n\n\n\n<p><strong>WZR\u00d3R O\u015aWIADCZENIA O ODST\u0104PIENIU OD UMOWY ZAWARTEJ NA ODLEG\u0141O\u015a\u0106:<\/strong><\/p>\n\n\n\n<p class=\"has-text-align-right\">Data:&#8230;&#8230;&#8230;&#8230;&#8230;&#8230;&#8230;&#8230;&#8230;&#8230;.<\/p>\n\n\n\n<p>\u2026\u2026\u2026\u2026\u2026\u2026\u2026\u2026\u2026\u2026\u2026\u2026\u2026\u2026\u2026\u2026<\/p>\n\n\n\n<p>\u2026\u2026\u2026\u2026\u2026\u2026\u2026\u2026\u2026\u2026\u2026\u2026\u2026\u2026\u2026\u2026<\/p>\n\n\n\n<p>\u2026\u2026\u2026\u2026\u2026\u2026\u2026\u2026\u2026\u2026\u2026\u2026\u2026\u2026\u2026\u2026<\/p>\n\n\n\n<p>(imi\u0119, nazwisko i adres Uczestnika)<\/p>\n\n\n\n<p class=\"has-text-align-center\"><strong>O\u015bwiadczenie o odst\u0105pieniu od umowy zawartej na odleg\u0142o\u015b\u0107 lub poza lokalem przedsi\u0119biorstwa<\/strong><\/p>\n\n\n\n<p>Niniejszym o\u015bwiadczam, \u017ce zgodnie z art. 27 ust. 1 ustawy z dnia 30 maja 2014 r. o<\/p>\n\n\n\n<p>prawach konsumenta odst\u0119puj\u0119 od Umowy o realizacj\u0119 Warsztat\u00f3w, zawartej<\/p>\n\n\n\n<p class=\"has-text-align-right\">dnia\u2026\u2026\u2026\u2026\u2026\u2026\u2026\u2026<\/p>\n\n\n\n<p class=\"has-text-align-right\">Podpis Klienta<\/p>\n","protected":false},"excerpt":{"rendered":"<p>I. POSTANOWIENIA OG\u00d3LNE. 1. Niniejszy Regulamin okre\u015bla zasady uczestnictwa i spos\u00f3b realizacji warsztat\u00f3w prowadzonych przez Ann\u0119 Kaznodziej, zwanych dalej \u201cWarsztatami\u201d. 2. Organizatork\u0105 Warsztat\u00f3w jest Ana Kaznodziej, prowadz\u0105ca dzia\u0142alno\u015b\u0107 gospodarcz\u0105 pod nazw\u0105 \u0141\u00f3dzka Grupa Kreatywna Anna Kaznodziej, z siedzib\u0105 w \u0141odzi, 90-316, ul. Kili\u0144skiego 136a\/25, Numer NIP 7282501773, nr telefonu 605 043 717, e-mail: lodzkagrupakreatywna@gmail.com zwana [&hellip;]<\/p>\n","protected":false},"author":1,"featured_media":0,"parent":0,"menu_order":0,"comment_status":"closed","ping_status":"closed","template":"","meta":{"footnotes":""},"class_list":["post-160","page","type-page","status-publish","hentry"],"_links":{"self":[{"href":"https:\/\/femstories.eu\/index.php\/wp-json\/wp\/v2\/pages\/160","targetHints":{"allow":["GET"]}}],"collection":[{"href":"https:\/\/femstories.eu\/index.php\/wp-json\/wp\/v2\/pages"}],"about":[{"href":"https:\/\/femstories.eu\/index.php\/wp-json\/wp\/v2\/types\/page"}],"author":[{"embeddable":true,"href":"https:\/\/femstories.eu\/index.php\/wp-json\/wp\/v2\/users\/1"}],"replies":[{"embeddable":true,"href":"https:\/\/femstories.eu\/index.php\/wp-json\/wp\/v2\/comments?post=160"}],"version-history":[{"count":5,"href":"https:\/\/femstories.eu\/index.php\/wp-json\/wp\/v2\/pages\/160\/revisions"}],"predecessor-version":[{"id":176,"href":"https:\/\/femstories.eu\/index.php\/wp-json\/wp\/v2\/pages\/160\/revisions\/176"}],"wp:attachment":[{"href":"https:\/\/femstories.eu\/index.php\/wp-json\/wp\/v2\/media?parent=160"}],"curies":[{"name":"wp","href":"https:\/\/api.w.org\/{rel}","templated":true}]}}